{"id":1633,"date":"2023-02-12T12:40:10","date_gmt":"2023-02-12T11:40:10","guid":{"rendered":"https:\/\/shexenhaeusle.de\/house1\/?page_id=1633"},"modified":"2026-01-21T12:28:36","modified_gmt":"2026-01-21T11:28:36","slug":"abdl-service","status":"publish","type":"page","link":"https:\/\/shexenhaeusle.de\/house1\/abdl-service\/","title":{"rendered":"ABDL  Service"},"content":{"rendered":"\t\t<div data-elementor-type=\"wp-page\" data-elementor-id=\"1633\" class=\"elementor elementor-1633\">\n\t\t\t\t\t\t<section class=\"elementor-section elementor-top-section elementor-element elementor-element-826d136 elementor-section-boxed elementor-section-height-default elementor-section-height-default\" data-id=\"826d136\" data-element_type=\"section\">\n\t\t\t\t\t\t<div class=\"elementor-container elementor-column-gap-default\">\n\t\t\t\t\t<div class=\"elementor-column elementor-col-100 elementor-top-column elementor-element elementor-element-b317986\" data-id=\"b317986\" data-element_type=\"column\">\n\t\t\t<div class=\"elementor-widget-wrap elementor-element-populated\">\n\t\t\t\t\t\t<div class=\"elementor-element elementor-element-bef72d7 elementor-widget elementor-widget-heading\" data-id=\"bef72d7\" data-element_type=\"widget\" data-widget_type=\"heading.default\">\n\t\t\t\t<div class=\"elementor-widget-container\">\n\t\t\t\t\t<h2 class=\"elementor-heading-title elementor-size-default\">ABDL  - Fetische<\/h2>\t\t\t\t<\/div>\n\t\t\t\t<\/div>\n\t\t\t\t<div class=\"elementor-element elementor-element-766f10d elementor-widget elementor-widget-text-editor\" data-id=\"766f10d\" data-element_type=\"widget\" data-widget_type=\"text-editor.default\">\n\t\t\t\t<div class=\"elementor-widget-container\">\n\t\t\t\t\t\t\t\t\t<section class=\"elementor-section elementor-top-section elementor-element elementor-element-13c05b1 elementor-section-boxed elementor-section-height-default elementor-section-height-default\" data-id=\"13c05b1\" data-element_type=\"section\"><div class=\"elementor-container elementor-column-gap-default\"><div class=\"elementor-column elementor-col-100 elementor-top-column elementor-element elementor-element-cd515be\" data-id=\"cd515be\" data-element_type=\"column\"><div class=\"elementor-widget-wrap elementor-element-populated\"><div class=\"elementor-element elementor-element-81a56a5 elementor-widget elementor-widget-heading\" data-id=\"81a56a5\" data-element_type=\"widget\" data-widget_type=\"heading.default\"><div class=\"elementor-widget-container\"><p class=\"elementor-heading-title elementor-size-small\" style=\"text-align: center;\"><span style=\"color: #ffffff;\">Wichtiger Hinweis!<\/span><br \/><span style=\"color: #ffffff;\">Alles hier beschreibt Spielarten und Vorlieben von erwachsenen Menschen. In keinem der Spiele sind echte Kinder involviert!<\/span><br \/><span style=\"color: #ffffff;\">Beim AB\/DL Fetisch treffen sich ausschlie\u00dflich erwachsene Menschen und selbstverst\u00e4ndlich sind alle Handlungen vorher mit einander besprochen. <\/span><br \/><span style=\"color: #ffffff;\">Es handelt sich NICHT um Sex mit Babys oder Kleinkindern.<\/span><br \/><span style=\"color: #ffffff;\">Wenn dir dieser Fetisch nicht zusagt, klicke einfach weiter und schaue den von dir bevorzugten Bereich an&#8230;..<\/span><\/p><\/div><\/div><\/div><\/div><\/div><\/section>\t\t\t\t\t\t\t\t<\/div>\n\t\t\t\t<\/div>\n\t\t\t\t<section class=\"elementor-section elementor-inner-section elementor-element elementor-element-611c2f1 elementor-section-boxed elementor-section-height-default elementor-section-height-default\" data-id=\"611c2f1\" data-element_type=\"section\">\n\t\t\t\t\t\t<div class=\"elementor-container elementor-column-gap-default\">\n\t\t\t\t\t<div class=\"elementor-column elementor-col-50 elementor-inner-column elementor-element elementor-element-d62dcae\" data-id=\"d62dcae\" data-element_type=\"column\">\n\t\t\t<div class=\"elementor-widget-wrap elementor-element-populated\">\n\t\t\t\t\t\t<div class=\"elementor-element elementor-element-a635fe3 elementor-widget elementor-widget-text-editor\" data-id=\"a635fe3\" data-element_type=\"widget\" data-widget_type=\"text-editor.default\">\n\t\t\t\t<div class=\"elementor-widget-container\">\n\t\t\t\t\t\t\t\t\t<p><strong><em>ABDL Spezial Lounge<\/em><\/strong><\/p>\n<p><strong><em> Im Rahmen des Diaper Lover und Adult Babys-Fetisch bieten wir eine liebevolle Windelmutti, Oma, Tante, Schwester, Nurse, Fr. Droktor, Gouvernante uvm., die bereit ist, in die Rolle einer f\u00fcrsorglichen Bezugsperson zu schl\u00fcpfen. Die Vorliebe f\u00fcr Windeln als Erwachsene geht oft Hand in Hand mit Ageplay, bei dem die Sch\u00fctzlinge in die Rollen von Babys, Kleinkindern oder Teenagern eintauchen. Wir hei\u00dfen alle Geschlechter willkommen, die sich in dieser fantasievollen Welt ausleben m\u00f6chten. Die Interaktion sollte von Zuneigung und Verst\u00e4ndnis gepr\u00e4gt sein, um ein sicheres und erf\u00fcllendes Erlebnis zu gew\u00e4hrleisten.<\/em><\/strong><\/p>\n<p><strong><em>Gerne beantworten wir deine Fragen zwischen 12 Uhr bis 18 Uhr mit angezeigter Telefonnummer. Dorina 01520 3526945&nbsp; &#8211; Ramona 0162-6495403 auch WhatsApp, wenn wir nicht erreichbar bin.&nbsp;&nbsp;<\/em><\/strong><\/p>\n<p><span style=\"text-decoration: underline;\"><strong><em>M\u00f6glichkeiten z.B.:<\/em><\/strong><\/span><\/p>\n<p><strong><em>Windelfetisch in fast allen Facetten, die es so zu erleben gibt. Von Liebevoll bis streng. In den Schlaf wiegen, Vorlesen mit einander spielen, ins Bett bringen,&nbsp; fixieren,&nbsp; Einn\u00e4ssen, Einlauf, Fiebermessen, F\u00fcttern, Fixieren, Z\u00e4pfchen, S\u00e4ubern, Pudern, Spreizhose, Windeln, Wickeln, Windelpaket, Schnuller nuckeln, Bestrafung, Z\u00fcchtigung, Po versohlen, uvm&#8230;<\/em><\/strong><\/p>\n<p><strong><em>&nbsp;<\/em><\/strong><\/p>\n<p><strong><em>Bestimmte Behandlungen werden in unseren Kinder-Zimmern, Klinik oder im schwarzen Bereich abgehalten. Es ist ein Klinik-Bereich, ein schwarzer SM-Bereich und zwei Kinder-Zimmer vorhanden. Mit Wickeltisch, Stillecke, Kinderbett, Spieltisch, Spielteppich, Spielsachen, und vieles mehr. Selbstverst\u00e4ndlich auch das ben\u00f6tigte Equipment hierf\u00fcr.<\/em><\/strong><\/p>\n<p><strong><em>&nbsp;<\/em><\/strong><\/p>\n<p><strong><em>Wenn der Z\u00f6gling jedoch lieber diverse Dildos, Strom, Katheter, Schwebetherapie, Aufspritzung, Gynstuhl, Gef\u00e4ngniszelle, Black-Box und vieles mehr, erleben m\u00f6chte. Ist dies in unseren angrenzten voll ausgestatteten schwarzen und Klinik Studio m\u00f6glich.<\/em><\/strong><\/p>\n<p><strong><em>Ein Aufenthalt mit \u00dcbernachtung im Kinderzimmer ist erst nach einer Kennenlern-Session m\u00f6glich.<\/em><\/strong><\/p>\n<p><strong><em>Herzliche Gr\u00fc\u00dfe Dorina und Ramona<\/em><\/strong><\/p>\t\t\t\t\t\t\t\t<\/div>\n\t\t\t\t<\/div>\n\t\t\t\t<div class=\"elementor-element elementor-element-f166a53 elementor-widget-divider--view-line elementor-widget elementor-widget-divider\" data-id=\"f166a53\" data-element_type=\"widget\" data-widget_type=\"divider.default\">\n\t\t\t\t<div class=\"elementor-widget-container\">\n\t\t\t\t\t\t\t<div class=\"elementor-divider\">\n\t\t\t<span class=\"elementor-divider-separator\">\n\t\t\t\t\t\t<\/span>\n\t\t<\/div>\n\t\t\t\t\t\t<\/div>\n\t\t\t\t<\/div>\n\t\t\t\t\t<\/div>\n\t\t<\/div>\n\t\t\t\t<div class=\"elementor-column elementor-col-50 elementor-inner-column elementor-element elementor-element-00e90de\" data-id=\"00e90de\" data-element_type=\"column\">\n\t\t\t<div class=\"elementor-widget-wrap elementor-element-populated\">\n\t\t\t\t\t\t<div class=\"elementor-element elementor-element-bd91e1e elementor-widget__width-initial elementor-widget elementor-widget-image\" data-id=\"bd91e1e\" data-element_type=\"widget\" data-widget_type=\"image.default\">\n\t\t\t\t<div class=\"elementor-widget-container\">\n\t\t\t\t\t\t\t\t\t\t\t\t\t\t\t<img fetchpriority=\"high\" decoding=\"async\" width=\"225\" height=\"300\" src=\"https:\/\/shexenhaeusle.de\/house1\/wp-content\/uploads\/2024\/02\/FrauRamona2-225x300.jpg\" class=\"attachment-medium size-medium wp-image-2883\" alt=\"\" srcset=\"https:\/\/shexenhaeusle.de\/house1\/wp-content\/uploads\/2024\/02\/FrauRamona2-225x300.jpg 225w, https:\/\/shexenhaeusle.de\/house1\/wp-content\/uploads\/2024\/02\/FrauRamona2.jpg 450w\" sizes=\"(max-width: 225px) 100vw, 225px\" \/>\t\t\t\t\t\t\t\t\t\t\t\t\t\t\t<\/div>\n\t\t\t\t<\/div>\n\t\t\t\t<div class=\"elementor-element elementor-element-889ab74 elementor-widget__width-initial elementor-widget elementor-widget-image\" data-id=\"889ab74\" data-element_type=\"widget\" data-widget_type=\"image.default\">\n\t\t\t\t<div class=\"elementor-widget-container\">\n\t\t\t\t\t\t\t\t\t\t\t\t\t\t\t<img decoding=\"async\" width=\"225\" height=\"300\" src=\"https:\/\/shexenhaeusle.de\/house1\/wp-content\/uploads\/2023\/02\/Klinik-225x300.jpg\" class=\"attachment-medium size-medium wp-image-1650\" alt=\"\" srcset=\"https:\/\/shexenhaeusle.de\/house1\/wp-content\/uploads\/2023\/02\/Klinik-225x300.jpg 225w, https:\/\/shexenhaeusle.de\/house1\/wp-content\/uploads\/2023\/02\/Klinik.jpg 450w\" sizes=\"(max-width: 225px) 100vw, 225px\" \/>\t\t\t\t\t\t\t\t\t\t\t\t\t\t\t<\/div>\n\t\t\t\t<\/div>\n\t\t\t\t\t<\/div>\n\t\t<\/div>\n\t\t\t\t\t<\/div>\n\t\t<\/section>\n\t\t\t\t\t<\/div>\n\t\t<\/div>\n\t\t\t\t\t<\/div>\n\t\t<\/section>\n\t\t\t\t<section class=\"elementor-section elementor-top-section elementor-element elementor-element-4a5c9db elementor-section-boxed elementor-section-height-default elementor-section-height-default\" data-id=\"4a5c9db\" data-element_type=\"section\">\n\t\t\t\t\t\t<div class=\"elementor-container elementor-column-gap-default\">\n\t\t\t\t\t<div class=\"elementor-column elementor-col-100 elementor-top-column elementor-element elementor-element-b8ea10c\" data-id=\"b8ea10c\" data-element_type=\"column\">\n\t\t\t<div class=\"elementor-widget-wrap elementor-element-populated\">\n\t\t\t\t\t\t<div class=\"elementor-element elementor-element-8665c41 elementor-arrows-position-inside elementor-pagination-position-outside elementor-widget elementor-widget-image-carousel\" data-id=\"8665c41\" data-element_type=\"widget\" data-settings=\"{&quot;slides_to_show&quot;:&quot;4&quot;,&quot;navigation&quot;:&quot;both&quot;,&quot;autoplay&quot;:&quot;yes&quot;,&quot;pause_on_hover&quot;:&quot;yes&quot;,&quot;pause_on_interaction&quot;:&quot;yes&quot;,&quot;autoplay_speed&quot;:5000,&quot;infinite&quot;:&quot;yes&quot;,&quot;speed&quot;:500}\" data-widget_type=\"image-carousel.default\">\n\t\t\t\t<div class=\"elementor-widget-container\">\n\t\t\t\t\t\t\t<div class=\"elementor-image-carousel-wrapper swiper\" role=\"region\" aria-roledescription=\"carousel\" aria-label=\"Bild Karussell\" dir=\"ltr\">\n\t\t\t<div class=\"elementor-image-carousel swiper-wrapper\" aria-live=\"off\">\n\t\t\t\t\t\t\t\t<div class=\"swiper-slide\" role=\"group\" aria-roledescription=\"slide\" aria-label=\"1 von 17\"><figure class=\"swiper-slide-inner\"><img decoding=\"async\" class=\"swiper-slide-image\" src=\"https:\/\/shexenhaeusle.de\/house1\/wp-content\/uploads\/2023\/02\/Klinik-225x300.jpg\" alt=\"Windel-Mutti Dorina\" \/><\/figure><\/div><div class=\"swiper-slide\" role=\"group\" aria-roledescription=\"slide\" aria-label=\"2 von 17\"><figure class=\"swiper-slide-inner\"><img decoding=\"async\" class=\"swiper-slide-image\" src=\"https:\/\/shexenhaeusle.de\/house1\/wp-content\/uploads\/2025\/12\/1693-225x300.jpg\" alt=\"Ramona\" \/><\/figure><\/div><div class=\"swiper-slide\" role=\"group\" aria-roledescription=\"slide\" aria-label=\"3 von 17\"><figure class=\"swiper-slide-inner\"><img decoding=\"async\" class=\"swiper-slide-image\" src=\"https:\/\/shexenhaeusle.de\/house1\/wp-content\/uploads\/2025\/12\/Ramona-225x300.jpeg\" alt=\"Windel-Mutti Ramona\" \/><\/figure><\/div><div class=\"swiper-slide\" role=\"group\" aria-roledescription=\"slide\" aria-label=\"4 von 17\"><figure class=\"swiper-slide-inner\"><img decoding=\"async\" class=\"swiper-slide-image\" src=\"https:\/\/shexenhaeusle.de\/house1\/wp-content\/uploads\/2023\/02\/Dorina-Rohrstock-sitzend-768x1024-1-225x300.jpg\" alt=\"Dorina\" \/><\/figure><\/div><div class=\"swiper-slide\" role=\"group\" aria-roledescription=\"slide\" aria-label=\"5 von 17\"><figure class=\"swiper-slide-inner\"><img decoding=\"async\" class=\"swiper-slide-image\" src=\"https:\/\/shexenhaeusle.de\/house1\/wp-content\/uploads\/2025\/12\/Bett-225x300.jpeg\" alt=\"ABDL-Bett\" \/><\/figure><\/div><div class=\"swiper-slide\" role=\"group\" aria-roledescription=\"slide\" aria-label=\"6 von 17\"><figure class=\"swiper-slide-inner\"><img decoding=\"async\" class=\"swiper-slide-image\" src=\"https:\/\/shexenhaeusle.de\/house1\/wp-content\/uploads\/2025\/12\/Windel-Teddy-225x300.jpg\" alt=\"Windel-Teddy\" \/><\/figure><\/div><div class=\"swiper-slide\" role=\"group\" aria-roledescription=\"slide\" aria-label=\"7 von 17\"><figure class=\"swiper-slide-inner\"><img decoding=\"async\" class=\"swiper-slide-image\" src=\"https:\/\/shexenhaeusle.de\/house1\/wp-content\/uploads\/2026\/01\/Hochstuhl1-225x300.jpeg\" alt=\"Hochstuhl1\" \/><\/figure><\/div><div class=\"swiper-slide\" role=\"group\" aria-roledescription=\"slide\" aria-label=\"8 von 17\"><figure class=\"swiper-slide-inner\"><img decoding=\"async\" class=\"swiper-slide-image\" src=\"https:\/\/shexenhaeusle.de\/house1\/wp-content\/uploads\/2026\/01\/Fuetterungsstuhl1-225x300.jpeg\" alt=\"F\u00fctterungsstuhl1\" \/><\/figure><\/div><div class=\"swiper-slide\" role=\"group\" aria-roledescription=\"slide\" aria-label=\"9 von 17\"><figure class=\"swiper-slide-inner\"><img decoding=\"async\" class=\"swiper-slide-image\" src=\"https:\/\/shexenhaeusle.de\/house1\/wp-content\/uploads\/2025\/12\/Wickeltisch2-225x300.jpg\" alt=\"Wickeltisch\" \/><\/figure><\/div><div class=\"swiper-slide\" role=\"group\" aria-roledescription=\"slide\" aria-label=\"10 von 17\"><figure class=\"swiper-slide-inner\"><img decoding=\"async\" class=\"swiper-slide-image\" src=\"https:\/\/shexenhaeusle.de\/house1\/wp-content\/uploads\/2025\/12\/Sitzecke-225x300.jpg\" alt=\"Spieltischchen\" \/><\/figure><\/div><div class=\"swiper-slide\" role=\"group\" aria-roledescription=\"slide\" aria-label=\"11 von 17\"><figure class=\"swiper-slide-inner\"><img decoding=\"async\" class=\"swiper-slide-image\" src=\"https:\/\/shexenhaeusle.de\/house1\/wp-content\/uploads\/2025\/12\/Windel-Teddy-Stuhl-225x300.jpg\" alt=\"Kinderstuhl\" \/><\/figure><\/div><div class=\"swiper-slide\" role=\"group\" aria-roledescription=\"slide\" aria-label=\"12 von 17\"><figure class=\"swiper-slide-inner\"><img decoding=\"async\" class=\"swiper-slide-image\" src=\"https:\/\/shexenhaeusle.de\/house1\/wp-content\/uploads\/2025\/12\/Spieltisch-225x300.jpg\" alt=\"Sitzgruppe\" \/><\/figure><\/div><div class=\"swiper-slide\" role=\"group\" aria-roledescription=\"slide\" aria-label=\"13 von 17\"><figure class=\"swiper-slide-inner\"><img decoding=\"async\" class=\"swiper-slide-image\" src=\"https:\/\/shexenhaeusle.de\/house1\/wp-content\/uploads\/2023\/02\/10-768x1024-1-225x300.jpg\" alt=\"Teddy\" \/><\/figure><\/div><div class=\"swiper-slide\" role=\"group\" aria-roledescription=\"slide\" aria-label=\"14 von 17\"><figure class=\"swiper-slide-inner\"><img decoding=\"async\" class=\"swiper-slide-image\" src=\"https:\/\/shexenhaeusle.de\/house1\/wp-content\/uploads\/2023\/05\/IMG_0767jpg-225x300.jpg\" alt=\"Adult Baby Diaper Lover\" \/><\/figure><\/div><div class=\"swiper-slide\" role=\"group\" aria-roledescription=\"slide\" aria-label=\"15 von 17\"><figure class=\"swiper-slide-inner\"><img decoding=\"async\" class=\"swiper-slide-image\" src=\"https:\/\/shexenhaeusle.de\/house1\/wp-content\/uploads\/2023\/05\/IMG_0776-225x300.jpg\" alt=\"Windelpaket\" \/><\/figure><\/div><div class=\"swiper-slide\" role=\"group\" aria-roledescription=\"slide\" aria-label=\"16 von 17\"><figure class=\"swiper-slide-inner\"><img decoding=\"async\" class=\"swiper-slide-image\" src=\"https:\/\/shexenhaeusle.de\/house1\/wp-content\/uploads\/2025\/12\/Stillecke-225x300.jpg\" alt=\"Stillecke\" \/><\/figure><\/div><div class=\"swiper-slide\" role=\"group\" aria-roledescription=\"slide\" aria-label=\"17 von 17\"><figure class=\"swiper-slide-inner\"><img decoding=\"async\" class=\"swiper-slide-image\" src=\"https:\/\/shexenhaeusle.de\/house1\/wp-content\/uploads\/2024\/09\/Bild_2024-09-24_154655251-272x300.png\" alt=\"(Looner) Luftballon-Fetisch\" \/><\/figure><\/div>\t\t\t<\/div>\n\t\t\t\t\t\t\t\t\t\t\t\t<div class=\"elementor-swiper-button elementor-swiper-button-prev\" role=\"button\" tabindex=\"0\">\n\t\t\t\t\t\t<i aria-hidden=\"true\" class=\"eicon-chevron-left\"><\/i>\t\t\t\t\t<\/div>\n\t\t\t\t\t<div class=\"elementor-swiper-button elementor-swiper-button-next\" role=\"button\" tabindex=\"0\">\n\t\t\t\t\t\t<i aria-hidden=\"true\" class=\"eicon-chevron-right\"><\/i>\t\t\t\t\t<\/div>\n\t\t\t\t\n\t\t\t\t\t\t\t\t\t<div class=\"swiper-pagination\"><\/div>\n\t\t\t\t\t\t\t\t\t<\/div>\n\t\t\t\t\t\t<\/div>\n\t\t\t\t<\/div>\n\t\t\t\t\t<\/div>\n\t\t<\/div>\n\t\t\t\t\t<\/div>\n\t\t<\/section>\n\t\t\t\t<section class=\"elementor-section elementor-top-section elementor-element elementor-element-966f837 elementor-section-boxed elementor-section-height-default elementor-section-height-default\" data-id=\"966f837\" data-element_type=\"section\">\n\t\t\t\t\t\t<div class=\"elementor-container elementor-column-gap-default\">\n\t\t\t\t\t<div class=\"elementor-column elementor-col-33 elementor-top-column elementor-element elementor-element-2638fb6\" data-id=\"2638fb6\" data-element_type=\"column\">\n\t\t\t<div class=\"elementor-widget-wrap\">\n\t\t\t\t\t\t\t<\/div>\n\t\t<\/div>\n\t\t\t\t<div class=\"elementor-column elementor-col-33 elementor-top-column elementor-element elementor-element-4929d5f\" data-id=\"4929d5f\" data-element_type=\"column\">\n\t\t\t<div class=\"elementor-widget-wrap elementor-element-populated\">\n\t\t\t\t\t\t<div class=\"elementor-element elementor-element-49ddc84 elementor-widget elementor-widget-image\" data-id=\"49ddc84\" data-element_type=\"widget\" data-widget_type=\"image.default\">\n\t\t\t\t<div class=\"elementor-widget-container\">\n\t\t\t\t\t\t\t\t\t\t\t\t\t\t\t<img decoding=\"async\" width=\"750\" height=\"94\" src=\"https:\/\/shexenhaeusle.de\/house1\/wp-content\/uploads\/2023\/02\/Banner2-1024x128.png\" class=\"attachment-large size-large wp-image-1367\" alt=\"\" srcset=\"https:\/\/shexenhaeusle.de\/house1\/wp-content\/uploads\/2023\/02\/Banner2-1024x128.png 1024w, https:\/\/shexenhaeusle.de\/house1\/wp-content\/uploads\/2023\/02\/Banner2-300x38.png 300w, https:\/\/shexenhaeusle.de\/house1\/wp-content\/uploads\/2023\/02\/Banner2-768x96.png 768w, https:\/\/shexenhaeusle.de\/house1\/wp-content\/uploads\/2023\/02\/Banner2.png 1200w\" sizes=\"(max-width: 750px) 100vw, 750px\" \/>\t\t\t\t\t\t\t\t\t\t\t\t\t\t\t<\/div>\n\t\t\t\t<\/div>\n\t\t\t\t\t<\/div>\n\t\t<\/div>\n\t\t\t\t<div class=\"elementor-column elementor-col-33 elementor-top-column elementor-element elementor-element-cd240bb\" data-id=\"cd240bb\" data-element_type=\"column\">\n\t\t\t<div class=\"elementor-widget-wrap\">\n\t\t\t\t\t\t\t<\/div>\n\t\t<\/div>\n\t\t\t\t\t<\/div>\n\t\t<\/section>\n\t\t\t\t<section class=\"elementor-section elementor-top-section elementor-element elementor-element-d4962b8 elementor-section-boxed elementor-section-height-default elementor-section-height-default\" data-id=\"d4962b8\" data-element_type=\"section\">\n\t\t\t\t\t\t<div class=\"elementor-container elementor-column-gap-default\">\n\t\t\t\t\t<div class=\"elementor-column elementor-col-100 elementor-top-column elementor-element elementor-element-d6766bc\" data-id=\"d6766bc\" data-element_type=\"column\">\n\t\t\t<div class=\"elementor-widget-wrap elementor-element-populated\">\n\t\t\t\t\t\t<section class=\"elementor-section elementor-inner-section elementor-element elementor-element-ee05786 elementor-section-boxed elementor-section-height-default elementor-section-height-default\" data-id=\"ee05786\" data-element_type=\"section\">\n\t\t\t\t\t\t<div class=\"elementor-container elementor-column-gap-default\">\n\t\t\t\t\t<div class=\"elementor-column elementor-col-50 elementor-inner-column elementor-element elementor-element-7966c48\" data-id=\"7966c48\" data-element_type=\"column\">\n\t\t\t<div class=\"elementor-widget-wrap\">\n\t\t\t\t\t\t\t<\/div>\n\t\t<\/div>\n\t\t\t\t<div class=\"elementor-column elementor-col-50 elementor-inner-column elementor-element elementor-element-5d2200f\" data-id=\"5d2200f\" data-element_type=\"column\">\n\t\t\t<div class=\"elementor-widget-wrap\">\n\t\t\t\t\t\t\t<\/div>\n\t\t<\/div>\n\t\t\t\t\t<\/div>\n\t\t<\/section>\n\t\t\t\t\t<\/div>\n\t\t<\/div>\n\t\t\t\t\t<\/div>\n\t\t<\/section>\n\t\t\t\t<\/div>\n\t\t","protected":false},"excerpt":{"rendered":"<p>ABDL &#8211; Fetische Wichtiger Hinweis!Alles hier beschreibt Spielarten und Vorlieben von erwachsenen Menschen. In keinem der Spiele sind echte Kinder involviert!Beim AB\/DL Fetisch treffen sich ausschlie\u00dflich erwachsene Menschen und selbstverst\u00e4ndlich sind alle Handlungen vorher mit einander besprochen. Es handelt sich NICHT um Sex mit Babys oder Kleinkindern.Wenn dir dieser Fetisch nicht zusagt, klicke einfach weiter [&hellip;]<\/p>\n","protected":false},"author":1,"featured_media":0,"parent":0,"menu_order":0,"comment_status":"closed","ping_status":"closed","template":"template-page-builders.php","meta":{"footnotes":""},"class_list":["post-1633","page","type-page","status-publish","hentry"],"_links":{"self":[{"href":"https:\/\/shexenhaeusle.de\/house1\/wp-json\/wp\/v2\/pages\/1633","targetHints":{"allow":["GET"]}}],"collection":[{"href":"https:\/\/shexenhaeusle.de\/house1\/wp-json\/wp\/v2\/pages"}],"about":[{"href":"https:\/\/shexenhaeusle.de\/house1\/wp-json\/wp\/v2\/types\/page"}],"author":[{"embeddable":true,"href":"https:\/\/shexenhaeusle.de\/house1\/wp-json\/wp\/v2\/users\/1"}],"replies":[{"embeddable":true,"href":"https:\/\/shexenhaeusle.de\/house1\/wp-json\/wp\/v2\/comments?post=1633"}],"version-history":[{"count":10,"href":"https:\/\/shexenhaeusle.de\/house1\/wp-json\/wp\/v2\/pages\/1633\/revisions"}],"predecessor-version":[{"id":3885,"href":"https:\/\/shexenhaeusle.de\/house1\/wp-json\/wp\/v2\/pages\/1633\/revisions\/3885"}],"wp:attachment":[{"href":"https:\/\/shexenhaeusle.de\/house1\/wp-json\/wp\/v2\/media?parent=1633"}],"curies":[{"name":"wp","href":"https:\/\/api.w.org\/{rel}","templated":true}]}}