{"id":1480,"date":"2023-02-11T19:32:03","date_gmt":"2023-02-11T18:32:03","guid":{"rendered":"https:\/\/shexenhaeusle.de\/house1\/?page_id=1480"},"modified":"2023-02-11T19:45:00","modified_gmt":"2023-02-11T18:45:00","slug":"spezial","status":"publish","type":"page","link":"https:\/\/shexenhaeusle.de\/house1\/spezial\/","title":{"rendered":"Spezial"},"content":{"rendered":"\t\t<div data-elementor-type=\"wp-page\" data-elementor-id=\"1480\" class=\"elementor elementor-1480\">\n\t\t\t\t\t\t<section class=\"elementor-section elementor-top-section elementor-element elementor-element-f16d0ca elementor-section-boxed elementor-section-height-default elementor-section-height-default\" data-id=\"f16d0ca\" data-element_type=\"section\" data-settings=\"{&quot;background_background&quot;:&quot;classic&quot;}\">\n\t\t\t\t\t\t<div class=\"elementor-container elementor-column-gap-default\">\n\t\t\t\t\t<div class=\"elementor-column elementor-col-100 elementor-top-column elementor-element elementor-element-6b49eec\" data-id=\"6b49eec\" data-element_type=\"column\">\n\t\t\t<div class=\"elementor-widget-wrap elementor-element-populated\">\n\t\t\t\t\t\t<div class=\"elementor-element elementor-element-be8faa3 elementor-widget elementor-widget-heading\" data-id=\"be8faa3\" data-element_type=\"widget\" data-widget_type=\"heading.default\">\n\t\t\t\t<div class=\"elementor-widget-container\">\n\t\t\t\t\t<h2 class=\"elementor-heading-title elementor-size-default\">Spezial Service<\/h2>\t\t\t\t<\/div>\n\t\t\t\t<\/div>\n\t\t\t\t<div class=\"elementor-element elementor-element-e236689 elementor-widget elementor-widget-heading\" data-id=\"e236689\" data-element_type=\"widget\" data-widget_type=\"heading.default\">\n\t\t\t\t<div class=\"elementor-widget-container\">\n\t\t\t\t\t<h2 class=\"elementor-heading-title elementor-size-default\">im s`Hexenh\u00e4usle<\/h2>\t\t\t\t<\/div>\n\t\t\t\t<\/div>\n\t\t\t\t\t<\/div>\n\t\t<\/div>\n\t\t\t\t\t<\/div>\n\t\t<\/section>\n\t\t\t\t<section class=\"elementor-section elementor-top-section elementor-element elementor-element-f17e616 elementor-section-boxed elementor-section-height-default elementor-section-height-default\" data-id=\"f17e616\" data-element_type=\"section\" data-settings=\"{&quot;background_background&quot;:&quot;classic&quot;}\">\n\t\t\t\t\t\t<div class=\"elementor-container elementor-column-gap-default\">\n\t\t\t\t\t<div class=\"elementor-column elementor-col-100 elementor-top-column elementor-element elementor-element-b303da1\" data-id=\"b303da1\" data-element_type=\"column\">\n\t\t\t<div class=\"elementor-widget-wrap elementor-element-populated\">\n\t\t\t\t\t\t<section class=\"elementor-section elementor-inner-section elementor-element elementor-element-747b716 elementor-section-boxed elementor-section-height-default elementor-section-height-default\" data-id=\"747b716\" data-element_type=\"section\">\n\t\t\t\t\t\t<div class=\"elementor-container elementor-column-gap-default\">\n\t\t\t\t\t<div class=\"elementor-column elementor-col-50 elementor-inner-column elementor-element elementor-element-e692b9d\" data-id=\"e692b9d\" data-element_type=\"column\">\n\t\t\t<div class=\"elementor-widget-wrap elementor-element-populated\">\n\t\t\t\t\t\t<div class=\"elementor-element elementor-element-ea06ad1 elementor-widget elementor-widget-heading\" data-id=\"ea06ad1\" data-element_type=\"widget\" data-widget_type=\"heading.default\">\n\t\t\t\t<div class=\"elementor-widget-container\">\n\t\t\t\t\t<h2 class=\"elementor-heading-title elementor-size-default\">Duftlust  Dorina<\/h2>\t\t\t\t<\/div>\n\t\t\t\t<\/div>\n\t\t\t\t<div class=\"elementor-element elementor-element-9da8947 elementor-widget elementor-widget-text-editor\" data-id=\"9da8947\" data-element_type=\"widget\" data-widget_type=\"text-editor.default\">\n\t\t\t\t<div class=\"elementor-widget-container\">\n\t\t\t\t\t\t\t\t\t<p class=\"font_8\">Ein H\u00f6schen, Slip, String, BH, Shirt, Socken oder was dein Herz und deine Sinne sonst von mir begehren, mit meinem individuellem Duft. \u00a0<\/p><p class=\"font_8\">Intime Hygiene Artikel z.B. Zahnb\u00fcrste, Waschhandschuh, Haarb\u00fcrste, Kamm, Zahnstocher, Handtuch, Schlafanzug, Nachtw\u00e4sche, Badeanzug, Bikini, Socken, Nylons, High Heels, Stiefel, Sandalen, NS, KV\u2026.\u00a0<\/p><p class=\"font_8\">Genie\u00dfe und lass deiner Geilheit freien Lauf\u2026 frei w\u00e4hlbar, ob getragen am Tag oder in der Nacht und mit Wahl der Tragedauer\u2026\u00a0 \u00a0Sonstige Artikel auf Anfrage\u2026<\/p><p><span style=\"color: #952424;\"><em><strong>Am einfachsten ist es, mit einer telefonischen Wunsch-Besprechung.<\/strong><\/em><\/span><\/p><p>Nach Eingang der Bestellung und Bezahlung wird der Artikel ausgew\u00e4hlt und getragen.<\/p><p><span style=\"color: #952424;\"><strong>Diskrete Lieferung\/Abholung<\/strong><\/span><\/p><p align=\"left\">Sie erhalten ein neutrales P\u00e4ckchen, an die gew\u00fcnschte Adresse. Nat\u00fcrlich kann man den Artikel auch pers\u00f6nlich bei mir abholen.<\/p><p align=\"left\"><span style=\"color: #952424;\"><strong>Top Secret:<\/strong><\/span><br \/>Ihre Kundendaten werden absolut vertraulich behandelt und verlassen<br \/>den Arbeitsbereich -Duftlust- nicht.<\/p><p align=\"left\"><span style=\"color: #952424;\"><strong>Professionelle Verpackung:<\/strong><\/span><br \/>Der Artikel wird in Folie eingeschwei\u00dft.<\/p><p align=\"left\">Gerne gebe ich telefonische Auskunft unter 01520-3526945\u00a0<\/p><p>Info\/Anfrage auch per E-Mail: duft@ist-einmalig.de \u00a0mehr <a href=\"https:\/\/duft28.wixsite.com\/duftlust\">Info<\/a><\/p><p>besser nat\u00fcrlich per Telefon: <span style=\"color: #952424;\"><strong>01520-3526945<\/strong><span class=\"skype_tb_injection\"><span class=\"skype_tb_injection_right\"><span class=\"skype_tb_innerText\">\u00a0<\/span><\/span><\/span><\/span><\/p><p>Zahlungsart: per Vorkasse (BAR\/PAYPAL)\u00a0\u00a0<\/p><p>Alle Preise zzgl. Versandkosten<\/p>\t\t\t\t\t\t\t\t<\/div>\n\t\t\t\t<\/div>\n\t\t\t\t\t<\/div>\n\t\t<\/div>\n\t\t\t\t<div class=\"elementor-column elementor-col-50 elementor-inner-column elementor-element elementor-element-6a9d336\" data-id=\"6a9d336\" data-element_type=\"column\">\n\t\t\t<div class=\"elementor-widget-wrap elementor-element-populated\">\n\t\t\t\t\t\t<div class=\"elementor-element elementor-element-44f67e2 elementor-widget elementor-widget-heading\" data-id=\"44f67e2\" data-element_type=\"widget\" data-widget_type=\"heading.default\">\n\t\t\t\t<div class=\"elementor-widget-container\">\n\t\t\t\t\t<h2 class=\"elementor-heading-title elementor-size-default\">Glory Hole Sexkabine<\/h2>\t\t\t\t<\/div>\n\t\t\t\t<\/div>\n\t\t\t\t<div class=\"elementor-element elementor-element-775ee7a elementor-widget elementor-widget-text-editor\" data-id=\"775ee7a\" data-element_type=\"widget\" data-widget_type=\"text-editor.default\">\n\t\t\t\t<div class=\"elementor-widget-container\">\n\t\t\t\t\t\t\t\t\t<p>Einmalig in S\u00fcddeutschland, die Glory Hole Kabine! Genie\u00dfe einen besonderen Blowjob!\u00a0 \u00a0<\/p><p>Oder wenn du es sehr eilig hast, versuche einen Glory-Hole- Handjob.<\/p><p>Spa\u00df machen alle Programme in der Kabine, und den Geldbeutel schonen sie auch! *Besonderer Service diverser anwesenden Ladies. Service Safe nat\u00fcrlich!<\/p>\t\t\t\t\t\t\t\t<\/div>\n\t\t\t\t<\/div>\n\t\t\t\t\t<\/div>\n\t\t<\/div>\n\t\t\t\t\t<\/div>\n\t\t<\/section>\n\t\t\t\t\t<\/div>\n\t\t<\/div>\n\t\t\t\t\t<\/div>\n\t\t<\/section>\n\t\t\t\t<section class=\"elementor-section elementor-top-section elementor-element elementor-element-5cc2396 elementor-section-boxed elementor-section-height-default elementor-section-height-default\" data-id=\"5cc2396\" data-element_type=\"section\" data-settings=\"{&quot;background_background&quot;:&quot;classic&quot;}\">\n\t\t\t\t\t\t<div class=\"elementor-container elementor-column-gap-default\">\n\t\t\t\t\t<div class=\"elementor-column elementor-col-33 elementor-top-column elementor-element elementor-element-79ff1c0\" data-id=\"79ff1c0\" data-element_type=\"column\">\n\t\t\t<div class=\"elementor-widget-wrap\">\n\t\t\t\t\t\t\t<\/div>\n\t\t<\/div>\n\t\t\t\t<div class=\"elementor-column elementor-col-33 elementor-top-column elementor-element elementor-element-8ce09b1\" data-id=\"8ce09b1\" data-element_type=\"column\">\n\t\t\t<div class=\"elementor-widget-wrap elementor-element-populated\">\n\t\t\t\t\t\t<div class=\"elementor-element elementor-element-c70dfef elementor-widget elementor-widget-image\" data-id=\"c70dfef\" data-element_type=\"widget\" data-widget_type=\"image.default\">\n\t\t\t\t<div class=\"elementor-widget-container\">\n\t\t\t\t\t\t\t\t\t\t\t\t\t\t\t<img fetchpriority=\"high\" decoding=\"async\" width=\"750\" height=\"94\" src=\"https:\/\/shexenhaeusle.de\/house1\/wp-content\/uploads\/2023\/02\/Banner2-1024x128.png\" class=\"attachment-large size-large wp-image-1367\" alt=\"\" srcset=\"https:\/\/shexenhaeusle.de\/house1\/wp-content\/uploads\/2023\/02\/Banner2-1024x128.png 1024w, https:\/\/shexenhaeusle.de\/house1\/wp-content\/uploads\/2023\/02\/Banner2-300x38.png 300w, https:\/\/shexenhaeusle.de\/house1\/wp-content\/uploads\/2023\/02\/Banner2-768x96.png 768w, https:\/\/shexenhaeusle.de\/house1\/wp-content\/uploads\/2023\/02\/Banner2.png 1200w\" sizes=\"(max-width: 750px) 100vw, 750px\" \/>\t\t\t\t\t\t\t\t\t\t\t\t\t\t\t<\/div>\n\t\t\t\t<\/div>\n\t\t\t\t<div class=\"elementor-element elementor-element-a453c99 elementor-widget elementor-widget-text-editor\" data-id=\"a453c99\" data-element_type=\"widget\" data-widget_type=\"text-editor.default\">\n\t\t\t\t<div class=\"elementor-widget-container\">\n\t\t\t\t\t\t\t\t\t<div class=\"elementor-element elementor-element-adb884f elementor-widget elementor-widget-text-editor\" data-id=\"adb884f\" data-element_type=\"widget\" data-widget_type=\"text-editor.default\"><div class=\"elementor-widget-container\"><p style=\"text-align: center;\"><strong>J\u00e4gerstra\u00dfe 37a<\/strong><\/p><p style=\"text-align: center;\"><strong>89081 Ulm<\/strong><\/p><p style=\"text-align: center;\"><strong>0731 \/ 1403348<\/strong><\/p><\/div><\/div>\t\t\t\t\t\t\t\t<\/div>\n\t\t\t\t<\/div>\n\t\t\t\t\t<\/div>\n\t\t<\/div>\n\t\t\t\t<div class=\"elementor-column elementor-col-33 elementor-top-column elementor-element elementor-element-4ee7558\" data-id=\"4ee7558\" data-element_type=\"column\">\n\t\t\t<div class=\"elementor-widget-wrap\">\n\t\t\t\t\t\t\t<\/div>\n\t\t<\/div>\n\t\t\t\t\t<\/div>\n\t\t<\/section>\n\t\t\t\t<\/div>\n\t\t","protected":false},"excerpt":{"rendered":"<p>Spezial Service im s`Hexenh\u00e4usle Duftlust Dorina Ein H\u00f6schen, Slip, String, BH, Shirt, Socken oder was dein Herz und deine Sinne sonst von mir begehren, mit meinem individuellem Duft. \u00a0 Intime Hygiene Artikel z.B. Zahnb\u00fcrste, Waschhandschuh, Haarb\u00fcrste, Kamm, Zahnstocher, Handtuch, Schlafanzug, Nachtw\u00e4sche, Badeanzug, Bikini, Socken, Nylons, High Heels, Stiefel, Sandalen, NS, KV\u2026.\u00a0 Genie\u00dfe und lass deiner [&hellip;]<\/p>\n","protected":false},"author":1,"featured_media":0,"parent":0,"menu_order":0,"comment_status":"closed","ping_status":"closed","template":"template-page-builders.php","meta":{"footnotes":""},"class_list":["post-1480","page","type-page","status-publish","hentry"],"_links":{"self":[{"href":"https:\/\/shexenhaeusle.de\/house1\/wp-json\/wp\/v2\/pages\/1480","targetHints":{"allow":["GET"]}}],"collection":[{"href":"https:\/\/shexenhaeusle.de\/house1\/wp-json\/wp\/v2\/pages"}],"about":[{"href":"https:\/\/shexenhaeusle.de\/house1\/wp-json\/wp\/v2\/types\/page"}],"author":[{"embeddable":true,"href":"https:\/\/shexenhaeusle.de\/house1\/wp-json\/wp\/v2\/users\/1"}],"replies":[{"embeddable":true,"href":"https:\/\/shexenhaeusle.de\/house1\/wp-json\/wp\/v2\/comments?post=1480"}],"version-history":[{"count":10,"href":"https:\/\/shexenhaeusle.de\/house1\/wp-json\/wp\/v2\/pages\/1480\/revisions"}],"predecessor-version":[{"id":1493,"href":"https:\/\/shexenhaeusle.de\/house1\/wp-json\/wp\/v2\/pages\/1480\/revisions\/1493"}],"wp:attachment":[{"href":"https:\/\/shexenhaeusle.de\/house1\/wp-json\/wp\/v2\/media?parent=1480"}],"curies":[{"name":"wp","href":"https:\/\/api.w.org\/{rel}","templated":true}]}}